{"id":241,"date":"2019-07-28T09:49:02","date_gmt":"2019-07-28T09:49:02","guid":{"rendered":"http:\/\/www.aquakleen.se\/?page_id=241"},"modified":"2022-04-15T15:21:53","modified_gmt":"2022-04-15T15:21:53","slug":"bruksanvisning","status":"publish","type":"page","link":"https:\/\/www.aquakleen.se\/?page_id=241","title":{"rendered":"Bruksanvisning"},"content":{"rendered":"<h4 style=\"text-align: left;\"><strong>Daglig reng\u00f6ring av golv och b\u00e4nk<\/strong><\/h4>\n<h5 style=\"text-align: left;\">1:30 av Aquakleen: vatten i en sprayflaska eller plastdunk. Spraya ner ytan och torka med en fuktig duk.<\/h5>\n<h4 style=\"text-align: left;\"><strong>Kraftigare reng\u00f6ring<\/strong><\/h4>\n<h5 style=\"text-align: left;\">1:10 av Aquakleen: vatten i en hink. Med en mopp eller moppborste reng\u00f6r ytan. Sk\u00f6lj med vatten.<\/h5>\n<h4 style=\"text-align: left;\"><strong>Vattent\u00e5liga ytor och material som tyg, juveler, vinylgolv, mm<\/strong><\/h4>\n<h5 style=\"text-align: left;\">1:30 av Aquakleen: vatten i en sprayflaska eller plastdunk. Spraya ner ytan och torka med en fuktig duk.<\/h5>\n<h5 style=\"text-align: left;\">T\u00e4nk p\u00e5 att inte ha ytor i solsken under reng\u00f6ring.<\/h5>\n<h5 style=\"text-align: left;\"><strong>Vid fr\u00e5gor kontakta oss p\u00e5: <\/strong><strong>(+46) 736 90 37 66<\/strong><\/h5>\n<p style=\"text-align: center;\">&#8212;<\/p>\n<h4 style=\"text-align: center;\">\u00a0 Orgnr: SE19770408-030301\u00a0 \u00a0Bankgiro nr: 105-3594<\/h4>\n","protected":false},"excerpt":{"rendered":"<p>Daglig reng\u00f6ring av golv och b\u00e4nk 1:30 av Aquakleen: vatten i en sprayflaska eller plastdunk. Spraya ner ytan och torka med en fuktig duk. Kraftigare reng\u00f6ring 1:10 av Aquakleen: vatten i en hink. Med en mopp eller moppborste reng\u00f6r ytan. Sk\u00f6lj med vatten. Vattent\u00e5liga ytor och material som tyg, juveler, vinylgolv, mm 1:30 av Aquakleen: &hellip; <\/p>\n<p class=\"link-more\"><a href=\"https:\/\/www.aquakleen.se\/?page_id=241\" class=\"more-link\">Continue reading<span class=\"screen-reader-text\"> &#8220;Bruksanvisning&#8221;<\/span><\/a><\/p>\n","protected":false},"author":1,"featured_media":184,"parent":0,"menu_order":0,"comment_status":"closed","ping_status":"closed","template":"","meta":{"footnotes":""},"class_list":["post-241","page","type-page","status-publish","has-post-thumbnail","hentry","entry"],"_links":{"self":[{"href":"https:\/\/www.aquakleen.se\/index.php?rest_route=\/wp\/v2\/pages\/241","targetHints":{"allow":["GET"]}}],"collection":[{"href":"https:\/\/www.aquakleen.se\/index.php?rest_route=\/wp\/v2\/pages"}],"about":[{"href":"https:\/\/www.aquakleen.se\/index.php?rest_route=\/wp\/v2\/types\/page"}],"author":[{"embeddable":true,"href":"https:\/\/www.aquakleen.se\/index.php?rest_route=\/wp\/v2\/users\/1"}],"replies":[{"embeddable":true,"href":"https:\/\/www.aquakleen.se\/index.php?rest_route=%2Fwp%2Fv2%2Fcomments&post=241"}],"version-history":[{"count":21,"href":"https:\/\/www.aquakleen.se\/index.php?rest_route=\/wp\/v2\/pages\/241\/revisions"}],"predecessor-version":[{"id":399,"href":"https:\/\/www.aquakleen.se\/index.php?rest_route=\/wp\/v2\/pages\/241\/revisions\/399"}],"wp:featuredmedia":[{"embeddable":true,"href":"https:\/\/www.aquakleen.se\/index.php?rest_route=\/wp\/v2\/media\/184"}],"wp:attachment":[{"href":"https:\/\/www.aquakleen.se\/index.php?rest_route=%2Fwp%2Fv2%2Fmedia&parent=241"}],"curies":[{"name":"wp","href":"https:\/\/api.w.org\/{rel}","templated":true}]}}